is the highest common factor of h and 6?
6
Suppose a + 571 = 5*y + 5*a, 3*y = -3*a + 342. Suppose -3*x + 1 = -137. Calculate the greatest common divisor of x and y.
23
Let k(h) = h**3 + 2*h**2 - 3*h - 3. Let l be k(-2). Let s be 3*(19/l - 1). Suppose 0 = -3*y + 154 + 38. What is the greatest common factor of s and y?
16
Suppose 5*o - 4*o - 2 = 0. Suppose o*b = 141 + 79. What is the highest common divisor of 22 and b?
22
Suppose 4*p = 3*g - 111, -g = -2*p + 3*p + 26. Let j be (p/(-15))/((-3)/(-10)). Calculate the highest common divisor of j and 102.
6
Let q be 13*(-1)/(-3)*6720/64. Calculate the greatest common divisor of 35 and q.
35
Let r = -578 + 587. What is the greatest common factor of 33 and r?
3
Let s be 9*(-3)/15*20/(-6). What is the highest common factor of 22 and s?
2
Let h(k) = k**3 + 35*k**2 - 119*k - 174. Let d be h(-38). Suppose -2*q + 6*q = 640. What is the greatest common divisor of d and q?
16
Suppose -12 = -7*i + 5*i. Suppose -2*b + 112 = i*b. What is the highest common divisor of b and 56?
14
Suppose -k + 14 = v - 32, -3*v = -3*k - 138. Calculate the greatest common factor of 69 and v.
23
Let s be (15/1)/((-9)/(-6)). What is the greatest common factor of 670 and s?
10
Suppose -4*k + 4*r + 44 = 0, -k + 8 = -0*r + 2*r. Let s be ((-24)/k)/(3/(-10)). Suppose 0 = 97*o - 273*o + 11264. What is the greatest common factor of s and o?
8
Suppose -z + 2*n + 14 = 0, 0*n + 58 = 5*z + 2*n. Suppose u + 136 = a, 0 = 3*a - 0*a - 5*u - 416. What is the highest common factor of z and a?
12
Suppose 2*d = -3*f - 81, 38 = -0*d - d - f. Let o be 55/d*(-18)/5. Calculate the greatest common factor of 12 and o.
6
Let g = 4211 + -4190. Suppose 0 = 3*f + 5*v - 110, 3*f = f - 4*v + 76. Let j = f + -16. Calculate the highest common factor of j and g.
7
Let g be 744/(-36) + (-2)/6. Let m = 37 + g. Calculate the greatest common divisor of m and 16.
16
Suppose t - 2*f - 960 = 0, 0*t + 3*f + 2883 = 3*t. Calculate the greatest common divisor of 26 and t.
26
Suppose -10*y + 14*y = 4*a - 244, 0 = -a + 2*y + 56. What is the highest common factor of 484 and a?
22
Let i(s) = -2*s**2 - 34*s - 52. Let l be i(-14). Suppose j + 2*j + 4*y - 248 = 0, 5*y = 10. What is the greatest common factor of j and l?
16
Let a(x) = x**3 - 56*x**2 + 255*x + 39. Let k be a(51). What is the highest common divisor of 299 and k?
13
Suppose 20*p - 13*p + 148 - 673 = 0. Let q be 182/6 - (-3)/(-9). What is the highest common divisor of p and q?
15
Let s = -49 - -117. Calculate the highest common factor of s and 102.
34
Let j be 1458/4 - (11 - (-168)/(-16)). Calculate the highest common divisor of j and 156.
52
Suppose 70*r = 72*r - 2, p + 3*r = 9. Calculate the greatest common divisor of 2694 and p.
6
Let r(d) = 2*d**2 - 21*d + 10. Let x be r(12). Let t = 374 + -259. What is the greatest common divisor of x and t?
23
Let c = 716 + -674. Calculate the highest common divisor of 826 and c.
14
Let l be (15 + -4925)/(-10) - 7/1. Calculate the highest common factor of l and 88.
44
Let j(n) = -n**2 - 19*n - 46. Let z be j(-11). What is the greatest common factor of 98 and z?
14
Let p be (218 - -12) + -1*2. Calculate the highest common divisor of p and 12.
12
Let u = -666 + 687. What is the greatest common factor of u and 525?
21
Let v(h) = -h**2 + 13*h - 5. Let t be v(12). Let w(n) = -n**2 + 9*n + 3. Let u be w(3). Calculate the highest common divisor of u and t.
7
Let n = 2393 - 2372. What is the highest common divisor of n and 161?
7
Suppose -11*u + 7*u + 27 = 3*p, 4*p + 3*u - 36 = 0. Calculate the greatest common divisor of 87 and p.
3
Suppose 4*c = 2*c + 290. Suppose 0 = 7*l - c - 1374. What is the greatest common divisor of 31 and l?
31
Suppose 36*a - 3450 = 6*a. What is the highest common factor of 92 and a?
23
Let b(v) = 5 + 37*v - 3 - 3. Suppose -3 = -3*t, -8*a + 4*t - 9 = -13*a. Let c be b(a). What is the greatest common factor of c and 24?
12
Let v be ((-28)/35)/((-2)/(-5)). Let o = 65 + v. Calculate the greatest common divisor of 7 and o.
7
Suppose 0 = -3*l - 53 + 98. Suppose 4*x - l - 61 = 0. What is the greatest common factor of 247 and x?
19
Let u be (0 - -4)*(0 + -1). Let j(q) = -4*q - 6. Let i be j(u). Suppose 0 = 2*a - 93 - 87. What is the highest common divisor of a and i?
10
Suppose 2*r + 8 = -4*i + 30, -5*i - 4*r = -29. Suppose 1126 = i*v + 401. Calculate the greatest common divisor of v and 58.
29
Let k = 4 - 0. Suppose -5*y + 235 = 5*b, 0 = -b - 2*b + y + 129. Calculate the highest common factor of k and b.
4
Suppose 0 = 3*r + 4*x - 116, -3*x + 4 = r - 38. Let u(y) = -y**2 - 18*y + 9. Let k be u(-15). Calculate the highest common divisor of r and k.
18
Let i(c) = c**2. Let h be i(-3). Suppose -2*z = 2*l - 4*l + 24, -2*z + h = l. What is the greatest common factor of 1 and l?
1
Let o be (166 - 167)*(-39 + 0). What is the greatest common divisor of 624 and o?
39
Let f be -7*(-222)/15 - (-6)/(-10). Let t = 107 - f. What is the highest common factor of t and 36?
4
Suppose -118 = -3*u - 4*z, 2*u - 2*z = 3*z + 48. What is the highest common factor of 374 and u?
34
Let n(h) = 2*h**2 - h - 20. Let j be n(-5). Let k = -32 + 37. What is the highest common factor of k and j?
5
Let d = -9 - -13. Suppose 2*q - 5*z = -0*z + 370, 509 = 3*q + d*z. Suppose -350 = -15*v + 10*v. Calculate the greatest common divisor of q and v.
35
Let p(h) = h**3 + 4*h**2 + 2*h - 3. Let m be p(-3). Suppose -3*b + 6 = -m*b. Suppose -5*y = -9 - 16. Calculate the greatest common factor of y and b.
1
Let m(f) = f**3 - 12*f**2 - 5*f + 28. Let b be m(13). Let c = 41 + -29. Calculate the greatest common factor of b and c.
12
Let p(h) = -51*h - 1. Let l be p(-1). Suppose x = -x + l. Let k be (270/x)/(2/5). What is the greatest common divisor of k and 27?
27
Let m = 1991 + -1896. Let d(p) = -p**3 - 6*p**2 - 6*p + 2. Let z be d(-6). Calculate the greatest common divisor of m and z.
19
Let w(m) = m**2 - 11*m + 11. Let z be w(9). Let y(j) = j**2 + 5*j + 4. Let h be y(z). Let c = 20 - -25. Calculate the highest common divisor of h and c.
9
Suppose 0 = 228*b - 212*b - 480. What is the greatest common factor of 42 and b?
6
Let h(y) = -y**3 - 20*y**2 - 27*y - 40. Let x be h(-19). Calculate the greatest common factor of 16 and x.
16
Suppose -429 = 53*j - 66*j. Suppose 3*w + 2*w + 25 = 0, -w - 16 = -m. Calculate the highest common factor of j and m.
11
Let b(n) = n**3 - 12*n**2 + 22*n - 5. Suppose 3*x - 45 = -2*x - l, 0 = -4*x + 2*l + 50. Let h be b(x). Calculate the greatest common divisor of h and 5.
5
Let f(r) be the third derivative of -1/60*r**5 - 3*r**2 + 1/2*r**3 - 1/6*r**4 + 0*r + 0. Let s be f(-4). What is the greatest common divisor of s and 33?
3
Let o = -779 - -1186. What is the highest common factor of o and 74?
37
Let a be 6 + 0 + 1 + -1. Suppose -6*j - 2*c = -3*j - 30, 4*j - 39 = -3*c. What is the greatest common factor of j and a?
6
Let y be 32*-20*(756/48)/(-21). Calculate the highest common divisor of 15 and y.
15
Suppose -218*s + 216*s + 24 = 0. Suppose p + 35 - 8 = n, 5*n - 138 = 4*p. What is the highest common divisor of n and s?
6
Let c(y) = -7*y - 6. Let f be c(-10). Suppose 3*g + 1 = f. Suppose -15 + 3 = -i + 5*w, -6 = -i - w. What is the greatest common divisor of g and i?
7
Suppose -6*z = -12*z + 492. Calculate the greatest common divisor of 164 and z.
82
Suppose 0 = 30*r - 897 - 153. What is the highest common divisor of 175 and r?
35
Suppose c - 8 = -4*n, -4*c - 3*n - 8 = -27. Suppose c*l + 5 = 73. Calculate the greatest common factor of l and 136.
17
Let m = 189 - 46. Let h(u) be the second derivative of -u**4/12 + 7*u**3/6 + u**2/2 + u. Let f be h(3). Calculate the greatest common divisor of f and m.
13
Let v(t) = -t**3 - 3*t**2 - t + 7. Let i be v(0). What is the greatest common divisor of i and 1337?
7
Let y be ((-20 + 17)/(3/4))/(-2). Suppose 2*r + y*r - 488 = 0. Calculate the greatest common factor of 183 and r.
61
Let a be ((-60)/16)/(6/(-40)) + 1. Calculate the greatest common divisor of a and 286.
26
Let q(x) = -x - 7. Let y be q(-12). Let l be (1 - -1)/(6 - y). Suppose 0 = l*t - 4*b - 8, -t - 5*b = -5*t + 22. Calculate the highest common divisor of t and 4.
4
Suppose 9*i - 14 = 7*i. Let d(u) = u**2 - 2*u - 14. Let h be d(i). Let q = -31 - -94. Calculate the greatest common factor of h 